{"id":592,"date":"2019-04-29T08:51:32","date_gmt":"2019-04-29T08:51:32","guid":{"rendered":"http:\/\/192.168.0.110\/sports\/?page_id=592"},"modified":"2021-04-29T15:49:13","modified_gmt":"2021-04-29T14:49:13","slug":"tabela-e-pikeve","status":"publish","type":"page","link":"https:\/\/fsunk-kos.org\/index.php\/tabela-e-pikeve\/","title":{"rendered":"Tabela e pik\u00ebve"},"content":{"rendered":"<p>[vc_row css=&#8221;.vc_custom_1558679410915{padding-bottom: 42px !important;}&#8221;][vc_column][vc_text_separator title=&#8221;XHIROJA E PAR\u00cb&#8221; color=&#8221;orange&#8221; border_width=&#8221;3&#8243;]<div class=\"rs-portfolio-style\">\r\n\t\t<div class=\"\"><table  style=\"color: #111111\">\r\n\r\n        <tr class=\"bg-colors\"  style=\"background-color: #214790\">\r\n        \t<th><\/th>\r\n       \t\t<th  style=\"color: #fbc02d\">Team<\/th>       \t\t\r\n       \t\t<th  style=\"color: #fbc02d\">P<\/th>   \r\n       \t\t<th  style=\"color: #fbc02d\">W<\/th>   \r\n       \t\t<th  style=\"color: #fbc02d\">D<\/th>   \r\n       \t\t<th  style=\"color: #fbc02d\">L<\/th>   \r\n       \t\t<th  style=\"color: #fbc02d\">GS<\/th>   \r\n       \t\t<th  style=\"color: #fbc02d\">GA<\/th>   \r\n       \t\t<th  style=\"color: #fbc02d\">GD<\/th>   \r\n       \t\t<th  style=\"color: #fbc02d\">PTS<\/th>   \r\n       \t<\/tr>\r\n\r\n        \t\t\t\t\r\n\r\n                   <tr>\r\n                   \t\t<td>1<\/td>\r\n\r\n                   \t\t<td><\/td>      \t                                   \t\t\r\n                   \t\t<td>1<\/td>\r\n                   \t\t<td>1<\/td>\r\n                   \t\t<td>0<\/td>\r\n                   \t\t<td>0<\/td>\r\n                   \t\t<td>10<\/td>\r\n                   \t\t<td>3<\/td>\r\n                   \t\t<td>7<\/td>\r\n                   \t\t<td>3<\/td>\r\n                   <\/tr>\t\t\t\t\r\n\r\n                   <tr>\r\n                   \t\t<td>2<\/td>\r\n\r\n                   \t\t<td>UP F. Teknik<\/td>      \t                                   \t\t\r\n                   \t\t<td>1<\/td>\r\n                   \t\t<td>1<\/td>\r\n                   \t\t<td>0<\/td>\r\n                   \t\t<td>0<\/td>\r\n                   \t\t<td>4<\/td>\r\n                   \t\t<td>0<\/td>\r\n                   \t\t<td>4<\/td>\r\n                   \t\t<td>3<\/td>\r\n                   <\/tr>\t\t\t\t\r\n\r\n                   <tr>\r\n                   \t\t<td>3<\/td>\r\n\r\n                   \t\t<td>UP FEFS&#8221;2&#8243;<\/td>      \t                                   \t\t\r\n                   \t\t<td>1<\/td>\r\n                   \t\t<td>1<\/td>\r\n                   \t\t<td>0<\/td>\r\n                   \t\t<td>0<\/td>\r\n                   \t\t<td>8<\/td>\r\n                   \t\t<td>4<\/td>\r\n                   \t\t<td>4<\/td>\r\n                   \t\t<td>3<\/td>\r\n                   <\/tr>\t\t\t\t\r\n\r\n                   <tr>\r\n                   \t\t<td>4<\/td>\r\n\r\n                   \t\t<td>Uni. Haxhi Zeka &#8220;1&#8221;<\/td>      \t                                   \t\t\r\n                   \t\t<td>1<\/td>\r\n                   \t\t<td>1<\/td>\r\n                   \t\t<td>0<\/td>\r\n                   \t\t<td>0<\/td>\r\n                   \t\t<td>4<\/td>\r\n                   \t\t<td>3<\/td>\r\n                   \t\t<td>1<\/td>\r\n                   \t\t<td>3<\/td>\r\n                   <\/tr>\t\t\t\t\r\n\r\n                   <tr>\r\n                   \t\t<td>5<\/td>\r\n\r\n                   \t\t<td>UP FEFS &#8220;1&#8221;<\/td>      \t                                   \t\t\r\n                   \t\t<td>1<\/td>\r\n                   \t\t<td>1<\/td>\r\n                   \t\t<td>0<\/td>\r\n                   \t\t<td>0<\/td>\r\n                   \t\t<td>4<\/td>\r\n                   \t\t<td>3<\/td>\r\n                   \t\t<td>1<\/td>\r\n                   \t\t<td>3<\/td>\r\n                   <\/tr>\t\t\t\t\r\n\r\n                   <tr>\r\n                   \t\t<td>6<\/td>\r\n\r\n                   \t\t<td>Uni. Ukshin Hoti<\/td>      \t                                   \t\t\r\n                   \t\t<td>1<\/td>\r\n                   \t\t<td>0<\/td>\r\n                   \t\t<td>0<\/td>\r\n                   \t\t<td>1<\/td>\r\n                   \t\t<td>3<\/td>\r\n                   \t\t<td>4<\/td>\r\n                   \t\t<td>-1<\/td>\r\n                   \t\t<td>0<\/td>\r\n                   <\/tr>\t\t\t\t\r\n\r\n                   <tr>\r\n                   \t\t<td>7<\/td>\r\n\r\n                   \t\t<td>UP F.Filozofik<\/td>      \t                                   \t\t\r\n                   \t\t<td>1<\/td>\r\n                   \t\t<td>0<\/td>\r\n                   \t\t<td>0<\/td>\r\n                   \t\t<td>1<\/td>\r\n                   \t\t<td>3<\/td>\r\n                   \t\t<td>4<\/td>\r\n                   \t\t<td>-1<\/td>\r\n                   \t\t<td>0<\/td>\r\n                   <\/tr>\t\t\t\t\r\n\r\n                   <tr>\r\n                   \t\t<td>8<\/td>\r\n\r\n                   \t\t<td>Uni. Isa Boletini<\/td>      \t                                   \t\t\r\n                   \t\t<td>1<\/td>\r\n                   \t\t<td>0<\/td>\r\n                   \t\t<td>0<\/td>\r\n                   \t\t<td>1<\/td>\r\n                   \t\t<td>4<\/td>\r\n                   \t\t<td>8<\/td>\r\n                   \t\t<td>-(4)<\/td>\r\n                   \t\t<td>0<\/td>\r\n                   <\/tr>\t\t\t\t\r\n\r\n                   <tr>\r\n                   \t\t<td>9<\/td>\r\n\r\n                   \t\t<td>Uni. Haxhi Zeka &#8220;1&#8221;<\/td>      \t                                   \t\t\r\n                   \t\t<td>1<\/td>\r\n                   \t\t<td>0<\/td>\r\n                   \t\t<td>0<\/td>\r\n                   \t\t<td>1<\/td>\r\n                   \t\t<td>0<\/td>\r\n                   \t\t<td>4<\/td>\r\n                   \t\t<td>-(4)<\/td>\r\n                   \t\t<td>0<\/td>\r\n                   <\/tr>\t\t\t\t\r\n\r\n                   <tr>\r\n                   \t\t<td>10<\/td>\r\n\r\n                   \t\t<td>Uni. Kadri Zeka<\/td>      \t                                   \t\t\r\n                   \t\t<td>1<\/td>\r\n                   \t\t<td>0<\/td>\r\n                   \t\t<td>0<\/td>\r\n                   \t\t<td>1<\/td>\r\n                   \t\t<td>3<\/td>\r\n                   \t\t<td>10<\/td>\r\n                   \t\t<td>--(7)<\/td>\r\n                   \t\t<td>0<\/td>\r\n                   <\/tr>\r\n\t\t<\/table>\r\n\r\n\t\t<\/div>\r\n\t\t<\/div>[vc_message]<strong>P<\/strong> = <em>Ndeshje t\u00eb zhvilluara<\/em><br \/>\n<strong>W<\/strong> =<em> Fitoret<\/em><br \/>\n<strong>D<\/strong> = <em>Barazimet<\/em><br \/>\n<strong>L<\/strong> = <em>Humbjet<\/em><br \/>\n<strong>GS<\/strong> = <em>Gola t\u00eb shenuara<\/em><br \/>\n<strong>GA<\/strong> = <em>Gola t\u00eb pranuara<\/em><br \/>\n<strong>GD<\/strong> = <em>Gola dallimi<\/em><br \/>\n<strong>PTS<\/strong> = <em>Gjithsej pik\u00eb<\/em>[\/vc_message][\/vc_column][\/vc_row]<\/p>\n","protected":false},"excerpt":{"rendered":"<p>[vc_row css=&#8221;.vc_custom_1558679410915{padding-bottom: 42px !important;}&#8221;][vc_column][vc_text_separator title=&#8221;XHIROJA E PAR\u00cb&#8221; color=&#8221;orange&#8221; border_width=&#8221;3&#8243;][vc_message]P = Ndeshje t\u00eb zhvilluara W = Fitoret D = Barazimet L = Humbjet GS = Gola t\u00eb shenuara GA = Gola t\u00eb pranuara GD = Gola dallimi PTS = Gjithsej pik\u00eb[\/vc_message][\/vc_column]&#8230;<\/p>\n","protected":false},"author":1,"featured_media":0,"parent":0,"menu_order":0,"comment_status":"closed","ping_status":"closed","template":"","meta":{"ngg_post_thumbnail":0},"_links":{"self":[{"href":"https:\/\/fsunk-kos.org\/index.php\/wp-json\/wp\/v2\/pages\/592"}],"collection":[{"href":"https:\/\/fsunk-kos.org\/index.php\/wp-json\/wp\/v2\/pages"}],"about":[{"href":"https:\/\/fsunk-kos.org\/index.php\/wp-json\/wp\/v2\/types\/page"}],"author":[{"embeddable":true,"href":"https:\/\/fsunk-kos.org\/index.php\/wp-json\/wp\/v2\/users\/1"}],"replies":[{"embeddable":true,"href":"https:\/\/fsunk-kos.org\/index.php\/wp-json\/wp\/v2\/comments?post=592"}],"version-history":[{"count":11,"href":"https:\/\/fsunk-kos.org\/index.php\/wp-json\/wp\/v2\/pages\/592\/revisions"}],"predecessor-version":[{"id":2944,"href":"https:\/\/fsunk-kos.org\/index.php\/wp-json\/wp\/v2\/pages\/592\/revisions\/2944"}],"wp:attachment":[{"href":"https:\/\/fsunk-kos.org\/index.php\/wp-json\/wp\/v2\/media?parent=592"}],"curies":[{"name":"wp","href":"https:\/\/api.w.org\/{rel}","templated":true}]}}