{"id":3390,"date":"2022-02-08T11:53:42","date_gmt":"2022-02-08T11:53:42","guid":{"rendered":"https:\/\/fsunk-kos.org\/?page_id=3390"},"modified":"2026-04-18T07:58:44","modified_gmt":"2026-04-18T05:58:44","slug":"aplikimi","status":"publish","type":"page","link":"https:\/\/fsunk-kos.org\/index.php\/aplikimi\/","title":{"rendered":"Aplikimi"},"content":{"rendered":"<p>[vc_row][vc_column offset=&#8221;vc_hidden-lg vc_hidden-md vc_hidden-sm vc_hidden-xs&#8221;][vc_headings borderclr=&#8221;#000000&#8243; title=&#8221;LIGAT UNIVERSITARE 2026&#8243;][\/vc_headings][vc_single_image image=&#8221;6028&#8243; img_size=&#8221;780&#215;480&#8243; alignment=&#8221;center&#8221;][vc_text_separator title=&#8221;APLIKO&#8221; color=&#8221;orange&#8221; border_width=&#8221;3&#8243;][vc_btn title=&#8221;PADEL&#8221; style=&#8221;3d&#8221; shape=&#8221;round&#8221; color=&#8221;blue&#8221; align=&#8221;center&#8221; button_block=&#8221;true&#8221; custom_onclick=&#8221;true&#8221; link=&#8221;url:https%3A%2F%2Fforms.gle%2FHxYxvmKNVfeBs6Fn8||target:%20_blank|&#8221;][vc_btn title=&#8221;FUTSAL&#8221; style=&#8221;3d&#8221; shape=&#8221;round&#8221; color=&#8221;blue&#8221; align=&#8221;center&#8221; button_block=&#8221;true&#8221; custom_onclick=&#8221;true&#8221; link=&#8221;url:https%3A%2F%2Fforms.gle%2FEuyL9K3w2cKeQkyi7||target:%20_blank|&#8221;][vc_btn title=&#8221;BASKETBOLL 3&#215;3&#8243; style=&#8221;3d&#8221; shape=&#8221;round&#8221; color=&#8221;blue&#8221; align=&#8221;center&#8221; button_block=&#8221;true&#8221; custom_onclick=&#8221;true&#8221; link=&#8221;url:https%3A%2F%2Fforms.gle%2F2e5k5GGtb27zLh2F6||target:%20_blank|&#8221;][vc_btn title=&#8221;PING PONG&#8221; style=&#8221;3d&#8221; shape=&#8221;round&#8221; color=&#8221;blue&#8221; align=&#8221;center&#8221; button_block=&#8221;true&#8221; custom_onclick=&#8221;true&#8221; link=&#8221;url:https%3A%2F%2Fforms.gle%2FMGsn2Cd9gYiUUg9V9||target:%20_blank|&#8221;][vc_btn title=&#8221;SHAH&#8221; style=&#8221;3d&#8221; shape=&#8221;round&#8221; color=&#8221;blue&#8221; align=&#8221;center&#8221; button_block=&#8221;true&#8221; custom_onclick=&#8221;true&#8221; link=&#8221;url:https%3A%2F%2Fforms.gle%2FK2EpR1Co62xrFeZa6||target:%20_blank|&#8221;][vc_btn title=&#8221;BEACH VOLLEYBALL&#8221; style=&#8221;3d&#8221; shape=&#8221;round&#8221; color=&#8221;blue&#8221; align=&#8221;center&#8221; button_block=&#8221;true&#8221; custom_onclick=&#8221;true&#8221; link=&#8221;url:https%3A%2F%2Fforms.gle%2FDrt91fmFUVfqohXw7||target:%20_blank|&#8221;][vc_text_separator title=&#8221;&#8221; color=&#8221;orange&#8221; border_width=&#8221;3&#8243;][vc_message]<\/p>\n<p class=\"isSelectedEnd\">\ud83c\udf93\ud83c\udfc6 <strong>LIGAT UNIVERSITARE 2026<\/strong><\/p>\n<p class=\"isSelectedEnd\">Organizuar nga Federata e Sporteve Universitare e Kosov\u00ebs<\/p>\n<p class=\"isSelectedEnd\">\ud83d\udce2 Student\u00eb, \u00ebsht\u00eb koha t\u00eb tregoni talentin tuaj dhe t\u00eb b\u00ebheni pjes\u00eb e nj\u00eb prej ngjarjeve m\u00eb t\u00eb m\u00ebdha sportive universitare n\u00eb vend!<\/p>\n<p class=\"isSelectedEnd\">\u23f0 <strong>Ceremonia e hapjes:<\/strong> 20 Prill 2026, ora 14:00<br \/>\n\ud83d\udccd <strong>Vendi:<\/strong> Fakulteti i Edukimit Fizik dhe i Sportit<\/p>\n<p class=\"isSelectedEnd\">\ud83c\udfc5 <strong>Disiplinat n\u00eb gar\u00eb:<\/strong><br \/>\n\ud83c\udfd0 Beach Volleyball<br \/>\n\u265f\ufe0f Shah<br \/>\n\ud83c\udfd3 Ping Pong<br \/>\n\ud83c\udfc0 Basketboll 3&#215;3<br \/>\n\u26bd Futsal<br \/>\n\ud83c\udfbe Padel<\/p>\n<p class=\"isSelectedEnd\">\ud83d\udcb0 <strong>Shp\u00ebrblimet p\u00ebr fituesit:<\/strong><br \/>\n\ud83e\udd47 Vendi i Par\u00eb \u2013 300 \u20ac<br \/>\n\ud83e\udd48 Vendi i Dyt\u00eb \u2013 200 \u20ac<br \/>\n\ud83e\udd49 Vendi i Tret\u00eb \u2013 100 \u20ac<\/p>\n<p class=\"isSelectedEnd\">\u23f3 <strong>Afati i fundit p\u00ebr aplikim:<\/strong> 17 Prill 2026<\/p>\n<p class=\"isSelectedEnd\">\ud83d\udd25 Mos e humb mund\u00ebsin\u00eb p\u00ebr t\u00eb p\u00ebrfaq\u00ebsuar fakultetin t\u00ebnd dhe p\u00ebr t\u00eb shkruar historin\u00eb e sportit universitar!<\/p>\n<p>\ud83d\udc49 Apliko tani dhe b\u00ebhu pjes\u00eb e gar\u00ebs![\/vc_message][vc_text_separator title=&#8221;e-maili kontaktues: sportiuniversitar@gmail.com&#8221; color=&#8221;blue&#8221; border_width=&#8221;2&#8243;][\/vc_column][\/vc_row]<\/p>\n","protected":false},"excerpt":{"rendered":"<p>[vc_row][vc_column offset=&#8221;vc_hidden-lg vc_hidden-md vc_hidden-sm vc_hidden-xs&#8221;][vc_headings borderclr=&#8221;#000000&#8243; title=&#8221;LIGAT UNIVERSITARE 2026&#8243;][\/vc_headings][vc_single_image image=&#8221;6028&#8243; img_size=&#8221;780&#215;480&#8243; alignment=&#8221;center&#8221;][vc_text_separator title=&#8221;APLIKO&#8221; color=&#8221;orange&#8221; border_width=&#8221;3&#8243;][vc_btn title=&#8221;PADEL&#8221; style=&#8221;3d&#8221; shape=&#8221;round&#8221; color=&#8221;blue&#8221; align=&#8221;center&#8221; button_block=&#8221;true&#8221; custom_onclick=&#8221;true&#8221; link=&#8221;url:https%3A%2F%2Fforms.gle%2FHxYxvmKNVfeBs6Fn8||target:%20_blank|&#8221;][vc_btn title=&#8221;FUTSAL&#8221; style=&#8221;3d&#8221; shape=&#8221;round&#8221; color=&#8221;blue&#8221; align=&#8221;center&#8221; button_block=&#8221;true&#8221; custom_onclick=&#8221;true&#8221; link=&#8221;url:https%3A%2F%2Fforms.gle%2FEuyL9K3w2cKeQkyi7||target:%20_blank|&#8221;][vc_btn title=&#8221;BASKETBOLL 3&#215;3&#8243; style=&#8221;3d&#8221; shape=&#8221;round&#8221; color=&#8221;blue&#8221; align=&#8221;center&#8221; button_block=&#8221;true&#8221; custom_onclick=&#8221;true&#8221; link=&#8221;url:https%3A%2F%2Fforms.gle%2F2e5k5GGtb27zLh2F6||target:%20_blank|&#8221;][vc_btn title=&#8221;PING PONG&#8221; style=&#8221;3d&#8221; shape=&#8221;round&#8221; color=&#8221;blue&#8221; align=&#8221;center&#8221; button_block=&#8221;true&#8221; custom_onclick=&#8221;true&#8221; link=&#8221;url:https%3A%2F%2Fforms.gle%2FMGsn2Cd9gYiUUg9V9||target:%20_blank|&#8221;][vc_btn title=&#8221;SHAH&#8221; style=&#8221;3d&#8221; shape=&#8221;round&#8221; color=&#8221;blue&#8221; align=&#8221;center&#8221; button_block=&#8221;true&#8221;&#8230;<\/p>\n","protected":false},"author":1,"featured_media":0,"parent":0,"menu_order":0,"comment_status":"closed","ping_status":"closed","template":"","meta":{"ngg_post_thumbnail":0},"_links":{"self":[{"href":"https:\/\/fsunk-kos.org\/index.php\/wp-json\/wp\/v2\/pages\/3390"}],"collection":[{"href":"https:\/\/fsunk-kos.org\/index.php\/wp-json\/wp\/v2\/pages"}],"about":[{"href":"https:\/\/fsunk-kos.org\/index.php\/wp-json\/wp\/v2\/types\/page"}],"author":[{"embeddable":true,"href":"https:\/\/fsunk-kos.org\/index.php\/wp-json\/wp\/v2\/users\/1"}],"replies":[{"embeddable":true,"href":"https:\/\/fsunk-kos.org\/index.php\/wp-json\/wp\/v2\/comments?post=3390"}],"version-history":[{"count":134,"href":"https:\/\/fsunk-kos.org\/index.php\/wp-json\/wp\/v2\/pages\/3390\/revisions"}],"predecessor-version":[{"id":6040,"href":"https:\/\/fsunk-kos.org\/index.php\/wp-json\/wp\/v2\/pages\/3390\/revisions\/6040"}],"wp:attachment":[{"href":"https:\/\/fsunk-kos.org\/index.php\/wp-json\/wp\/v2\/media?parent=3390"}],"curies":[{"name":"wp","href":"https:\/\/api.w.org\/{rel}","templated":true}]}}